{"id":184,"date":"2016-10-19T07:42:30","date_gmt":"2016-10-19T06:42:30","guid":{"rendered":"http:\/\/www.gradski-muzej-krizevci.hr\/?page_id=184"},"modified":"2016-10-19T09:35:48","modified_gmt":"2016-10-19T08:35:48","slug":"povijest-muzeja","status":"publish","type":"page","link":"https:\/\/www.gradski-muzej-krizevci.hr\/?page_id=184","title":{"rendered":"Povijest muzeja"},"content":{"rendered":"<p>Gradski muzej Kri\u017eevci kompleksna je muzejska ustanova koja se bavi muzejsko-galerijskom djelatno\u0161\u0107u, tj. prikuplja, obra\u0111uje, prezentira i publicira povijesnu, kulturnu i umjetni\u010dku gra\u0111u i dokumente va\u017ene za podru\u010dje svojega djelovanja, a to su Kri\u017eevci i okolica.<br \/>\nObilje\u017eavaju\u0107i 700. obljetnicu progla\u0161enja Kri\u017eevaca slobodnim kraljevskim gradom, 1952. g. otvorena je zavi\u010dajna zbirka koja se kasnije pretvorila u Muzej i deset godina kasnije preselila u zgradu tzv. pavlinskoga gostinjca, zgrade u kojoj se i danas nalazi.<\/p>\n<p>Zbirka, odnosno Muzej, osnovana je sa \u017eeljom da se javnosti pribli\u017ei i prezentira bogata i vrijedna povijest grada i okolice. Ista je \u017eelja postojala ve\u0107 1934. g., kada je osnovano Dru\u0161tvo prijatelja starina grada Kri\u017eevaca, s osnovnim ciljem prikupljanja predmeta povijesne i muzejske vrijednosti za budu\u0107i muzej.<br \/>\nPrvi poku\u0161aj osnivanja muzeja u Kri\u017eevcima zabilje\u017een je odmah nakon svr\u0161etka Drugoga svjetskog rata, kada Ministarstvo prosvjete, Odjel za kulturu i umjetnost, \u0161alje u o\u017eujku 1946. preporuku o osnivanju muzeja, i to u dvorcu vlastelinske obitelji Kiepach sa svim inventarom. Radna grupa pri gradskom Narodnom odboru mjesec dana nakon toga donosi odluku o osnutku muzeja, ali to, na\u017ealost, zbog nepoznatih razloga nije provedeno. Tek 1952. g. skuplja\u010d starina Dragutin Zajec dobiva od Gradske uprave nalog da pokrene osnivanje muzejske zbirke. On vrijedno radi na tome, daruju\u0107i i sam mno\u0161tvo predmeta za muzej. Iako bez potrebne naobrazbe, godinama je bio jedini kustos Muzeja, a onda se 1968. kao prva stru\u010dna osoba zapo\u0161ljava prof. Vladimir Srim\u0161ek, povjesni\u010dar umjetnosti, koji svoj rad u Muzeju usmjerava na popunjavanje Arheolo\u0161ke i Etnografske zbirke, a posebno radi na osnivanju Likovne galerije i njezina fundusa te na obnovi i ure\u0111enju prostora za galerijsku i izlo\u017ebenu djelatnost. Danas bogati fundus Likovne galerije\u00a0omogu\u0107uje pogled u razvoj kri\u017eeva\u010dkog slikarstva (amaterskoga i akademskoga). I zgrada Muzeja i zgrada Likovne galerije povijesne su gra\u0111evine koje pripadaju najstarijem sloju grada. Muzej se nalazi u zgradi iz 18. st., koja je sagra\u0111ena uz pavlinski samostan kao preno\u0107i\u0161te za posjetitelje samostana. Ta je zgrada sa svojim glatkim i nera\u0161\u010dlanjenim pro\u010deljima, nagla\u0161enim strehama i nepravilnim U-tlocrtom netipi\u010dna za kri\u017eeva\u010dku profanu arhitekturu, te stoga podsje\u0107a na gra\u0111evine balkansko-orijentalnog tipa. Do prostorija na prvom katu vodi vanjsko stubi\u0161te i drveni otvoreni trijem. U svom dana\u0161njem obliku zgrada je nastala krajem 18. st., \u0161to potvr\u0111uje godina 1796. uklesana u ju\u017enom portalu, ali su neki njezini dijelovi i starijeg datuma. Najstariji dio zgrade vjerojatno je podignut na ostacima zidova koji su nekada okru\u017eivali samostansko zemlji\u0161te neposredno uz ju\u017eni bastion gradskih bedema.<\/p>\n<p>U zgradu se 1961. g. useljava Muzej sa svojim zbirkama i tijekom idu\u0107ih godina zgrada se adaptira i prilago\u0111ava potrebama izlaganja muzejskih zbirki. Posljednja obnova provedena je 2002. g., kada su ure\u0111eni vanjska fasada i prizemlje Muzeja.<\/p>\n<p>Muzej ima stalni postav u prizemlju i na katu muzejske zgrade. Stalni postav razmje\u0161ten je u sedam prostorija. U prizemlju se nalazi Arheolo\u0161ka zbirka i oru\u017earnica s novim postavom od 2002. g. Na katu je postav Kulturno-povijesne, Etnografske, Crkvene i Cehovske zbirke te prostorija u kojoj je dan pogled na kulturni i dru\u0161tveni \u017eivot grada na kraju 19. i po\u010detkom 20. st., kao i na osobe koje su ro\u0111ene ili su djelovale u Kri\u017eevcima, a zna\u010dajne su za hrvatsku kulturu i povijest (Ivan Zakmardi Dijankove\u010dki, Franjo Markovi\u0107, Sidonija Rubido-Erd\u00f6dy, Albert \u0160triga, Dragutin Novak, obitelj Kiepach, Nina Vavra\u2026).<\/p>\n","protected":false},"excerpt":{"rendered":"<p>Gradski muzej Kri\u017eevci kompleksna je muzejska ustanova koja se bavi muzejsko-galerijskom djelatno\u0161\u0107u, tj. prikuplja, obra\u0111uje, prezentira i publicira povijesnu, kulturnu i umjetni\u010dku gra\u0111u i dokumente va\u017ene za podru\u010dje svojega djelovanja,&hellip;<\/p>\n","protected":false},"author":2,"featured_media":0,"parent":0,"menu_order":0,"comment_status":"closed","ping_status":"closed","template":"","meta":{"_bbp_topic_count":0,"_bbp_reply_count":0,"_bbp_total_topic_count":0,"_bbp_total_reply_count":0,"_bbp_voice_count":0,"_bbp_anonymous_reply_count":0,"_bbp_topic_count_hidden":0,"_bbp_reply_count_hidden":0,"_bbp_forum_subforum_count":0,"footnotes":""},"class_list":["post-184","page","type-page","status-publish","hentry"],"_links":{"self":[{"href":"https:\/\/www.gradski-muzej-krizevci.hr\/index.php?rest_route=\/wp\/v2\/pages\/184","targetHints":{"allow":["GET"]}}],"collection":[{"href":"https:\/\/www.gradski-muzej-krizevci.hr\/index.php?rest_route=\/wp\/v2\/pages"}],"about":[{"href":"https:\/\/www.gradski-muzej-krizevci.hr\/index.php?rest_route=\/wp\/v2\/types\/page"}],"author":[{"embeddable":true,"href":"https:\/\/www.gradski-muzej-krizevci.hr\/index.php?rest_route=\/wp\/v2\/users\/2"}],"replies":[{"embeddable":true,"href":"https:\/\/www.gradski-muzej-krizevci.hr\/index.php?rest_route=%2Fwp%2Fv2%2Fcomments&post=184"}],"version-history":[{"count":2,"href":"https:\/\/www.gradski-muzej-krizevci.hr\/index.php?rest_route=\/wp\/v2\/pages\/184\/revisions"}],"predecessor-version":[{"id":240,"href":"https:\/\/www.gradski-muzej-krizevci.hr\/index.php?rest_route=\/wp\/v2\/pages\/184\/revisions\/240"}],"wp:attachment":[{"href":"https:\/\/www.gradski-muzej-krizevci.hr\/index.php?rest_route=%2Fwp%2Fv2%2Fmedia&parent=184"}],"curies":[{"name":"wp","href":"https:\/\/api.w.org\/{rel}","templated":true}]}}